{"id":5,"date":"2010-01-19T09:10:06","date_gmt":"2010-01-19T08:10:06","guid":{"rendered":"http:\/\/www.jungclaussen.com\/wpinstdr\/?page_id=5"},"modified":"2026-03-23T15:09:45","modified_gmt":"2026-03-23T14:09:45","slug":"referenzen","status":"publish","type":"page","link":"https:\/\/www.jungclaussen.com\/?page_id=5","title":{"rendered":"Referenzen"},"content":{"rendered":"<p>&nbsp;<\/p>\n<p><a href=\"https:\/\/www.flyingspoon.de\/de\"><strong><span style=\"color: #000000;\">Flying Spoon GmbH &#8211; Innovative Digital Solutions<\/span><\/strong><\/a><strong>, Potsdam; seit 2021<\/strong><\/p>\n<p>Flying Spoon bietet innovative, skalierbare digitale L\u00f6sungen. H\u00f6chste Leistung zu niedrigen Kosten. Darauf vertrauen unsere zahlreichen namhaften Kunden.<\/p>\n<p><strong><a title=\"Technische Hochschule Wildau (FH)\" href=\"http:\/\/th-wildau.de\/\" target=\"_blank\" rel=\"noopener\"><span style=\"color: #000000;\">Technische Hochschule Wildau (FH)<\/span><\/a>, Wildau; 2010-2019<\/strong><\/p>\n<p>Bachelor Wirtschaftsinformatik. Lehrauftrag \u201cGrundlagen der Informations\u2013 und Kommunikationstechnologie\u201d, Vorlesung und \u00dcbungen. Jeweils einen Tag\/Woche im Wintersemester.<\/p>\n<p><strong><a style=\"color: #444;\" title=\"Frank Kettritz Schl\u00fcsselfunddienst &amp; Sicherheitstechnik e.K.\" href=\"http:\/\/www.kettritz.de\" target=\"_blank\" rel=\"noopener\">Frank Kettritz Schl\u00fcsselfunddienst &amp; Sicherheitstechnik e.K.<\/a>, Berlin; 2015\/16<\/strong><\/p>\n<p><em>Einzelhandel Sicherheitstechnik und Schl\u00fcsselfunddienst.<\/em> Abbildung der Gesch\u00e4ftsprozesse von Angebot bis Gutschrift und Verwaltung des Schl\u00fcsselfunddienstes. Analyse, Konzeption, Programmierung, Einf\u00fchrung und Betreuung.<br \/>\nTechnologie: Linux, Windows, Apache, MySQL, PHP, SQL, HTML, CSS, JavaScript, C, C\u2060+\u2060+<\/p>\n<p><strong><a style=\"color: #444;\" title=\"Rauh Vinyl - Ankauf und Verkauf von Schallplatten und Plattenspieler\" href=\"http:\/\/www.rauhvinyl.com\/\" target=\"_blank\" rel=\"noopener\">Antiquariat Rauh &#8211; Rauhvinyl<\/a>, Berlin; 2015<\/strong><\/p>\n<p><em>Antiquariat \/ Vinyl.<\/em> Bestandsverwaltung f\u00fcr Schallplatten mit Anbindung an Webshop und Amazon. Analyse, Konzeption, Programmierung, Einf\u00fchrung und Betreuung.<br \/>\nTechnologie: Linux, Windows, Apache, MySQL, PHP, SQL, HTML, CSS, JavaScript, C, C\u2060++<\/p>\n<p><strong><a style=\"color: #444;\" title=\"simvelop\" href=\"http:\/\/simvelop.eu\/\" target=\"_blank\" rel=\"noopener\">Simvelop GmbH<\/a>, D\u00fcsseldorf; 2013\/14<\/strong><\/p>\n<p><em>Im Auftrag eines gro\u00dfen Mobilfunkanbieters<\/em>. Prototypische Apps und Server zur Erleichterung der Benutzermigration von einem Mobilsystem zu einem anderen durch automatisierte \u00c4quivalenzfindung f\u00fcr installierte Apps. Analyse, Konzeption und Umsetzung.<br \/>\nTechnologie: Linux, Apache, MySql, Php, iOS, Android, Blackberry, WindowsPhone<\/p>\n<p><strong><a style=\"color: #444;\" title=\"simvelop\" href=\"http:\/\/simvelop.eu\/\" target=\"_blank\" rel=\"noopener\">Simvelop GmbH<\/a>, D\u00fcsseldorf; 2012\/14<\/strong><br \/>\n<em>Im Auftrag eines gro\u00dfen Mobilfunkanbieters<\/em>. Prototypischer Newsaggregator auf HTML5-Basis f\u00fcr Android Tablets. Analyse, Konzeption und Umsetzung.<br \/>\nTechnologie: Android, Linux, Apache, MySql, Php, Html, Css, Javascript<\/p>\n<p><strong><a style=\"color: #444;\" title=\"Technische Hochschule Wildau (FH)\" href=\"http:\/\/th-wildau.de\/\" target=\"_blank\" rel=\"noopener\">GEP t\u00e4ger &amp; partner<\/a>, L\u00fcneburg; 2010-2012<\/strong><\/p>\n<p><em>Personalentwicklung im Finanzsektor<\/em>. Konzeption und Umsetzung eines \u201eBetriebssystems\u201c f\u00fcr eine Suite von Anwendungen der Personalentwicklung, sowie Konzeption und Umsetzung dieser Anwendungen: Weiterbildungsbedarfsanalyse (eWba 2.0, s.u.), Vertriebscontrolling (VQControl) sowie Testk\u00e4ufe (eTap).<br \/>\nTechnologie: VmWare, Linux, Apache, MySql, C, Php, Html, Css, Javascript<\/p>\n<p><strong>Stimmat GmbH, L\u00fcneburg; 2005<\/strong><\/p>\n<p><em>Personalentwicklung im Finanzsektor<\/em>.<br \/>\n(1)\u00a0Entwicklung eines Abstimmungsger\u00e4tes zur Bewertung von Filmen im Foyer von Kinos. Konzeption und Umsetzung als Opera-Kiosk mit virtualisiertem Webserver (offen f\u00fcr sp\u00e4tere Vernetzung der Filialen).<br \/>\nTechnologie: Windows, VmWare, Linux, Apache, MySql, C, Php, Html, Css, Javascript<br \/>\n(2)\u00a0Entwicklung einer serverbasierten L\u00f6sung f\u00fcr das getrennte Controlling eingef\u00fchrter Vertriebsstandards bei Mitarbeitern und F\u00fchrungskr\u00e4ften. Analyse, Konzeption, Umsetzung, Einf\u00fchrung, Betreuung.<br \/>\nTechnologie: VmWare, Linux, Apache, MySql, Php, Html, Css, Javascript<\/p>\n<p><strong>callistra GmbH, L\u00fcneburg; 2003-2009<\/strong><\/p>\n<p><em>Anbieter von Webkonferenzen<\/em>. Entwicklung einer server-basierten Software zur moderierten Vorf\u00fchrung von Powerpoint-Pr\u00e4sentationen \u00fcber das Internet. Die Pr\u00e4sentation wird von einem Moderator zentral gesteuert. Die Teilnehmer verfolgen die Pr\u00e4sentation von einem beliebigen Ort aus in ihrem Browser. Die Technik basiert auf reinem HTML, um Funktionseinschr\u00e4nkungen und Sicherheitsl\u00fccken zu vermeiden. Konzeption, Projekt\u2011 und Teamleitung, Umsetzung, Betrieb.<br \/>\nTechnologie: Linux, Apache, MySql, Php, Html, Css, Javascript, Windows\u00a0API, VBA, C, C++, Flash<\/p>\n","protected":false},"excerpt":{"rendered":"<p>&nbsp; Flying Spoon GmbH &#8211; Innovative Digital Solutions, Potsdam; seit 2021 Flying Spoon bietet innovative, skalierbare digitale L\u00f6sungen. H\u00f6chste Leistung zu niedrigen Kosten. Darauf vertrauen unsere zahlreichen namhaften Kunden. Technische Hochschule Wildau (FH), Wildau; 2010-2019 Bachelor Wirtschaftsinformatik. Lehrauftrag \u201cGrundlagen der Informations\u2013 und Kommunikationstechnologie\u201d, Vorlesung und \u00dcbungen. Jeweils einen Tag\/Woche im Wintersemester. Frank Kettritz Schl\u00fcsselfunddienst &amp; [&hellip;]<\/p>\n","protected":false},"author":1,"featured_media":0,"parent":0,"menu_order":1,"comment_status":"closed","ping_status":"closed","template":"","meta":{"footnotes":""},"class_list":["post-5","page","type-page","status-publish","hentry"],"_links":{"self":[{"href":"https:\/\/www.jungclaussen.com\/index.php?rest_route=\/wp\/v2\/pages\/5","targetHints":{"allow":["GET"]}}],"collection":[{"href":"https:\/\/www.jungclaussen.com\/index.php?rest_route=\/wp\/v2\/pages"}],"about":[{"href":"https:\/\/www.jungclaussen.com\/index.php?rest_route=\/wp\/v2\/types\/page"}],"author":[{"embeddable":true,"href":"https:\/\/www.jungclaussen.com\/index.php?rest_route=\/wp\/v2\/users\/1"}],"replies":[{"embeddable":true,"href":"https:\/\/www.jungclaussen.com\/index.php?rest_route=%2Fwp%2Fv2%2Fcomments&post=5"}],"version-history":[{"count":22,"href":"https:\/\/www.jungclaussen.com\/index.php?rest_route=\/wp\/v2\/pages\/5\/revisions"}],"predecessor-version":[{"id":98,"href":"https:\/\/www.jungclaussen.com\/index.php?rest_route=\/wp\/v2\/pages\/5\/revisions\/98"}],"wp:attachment":[{"href":"https:\/\/www.jungclaussen.com\/index.php?rest_route=%2Fwp%2Fv2%2Fmedia&parent=5"}],"curies":[{"name":"wp","href":"https:\/\/api.w.org\/{rel}","templated":true}]}}