{"id":42,"date":"2015-01-30T12:25:54","date_gmt":"2015-01-30T11:25:54","guid":{"rendered":"http:\/\/www.jungclaussen.com\/?page_id=42"},"modified":"2026-03-23T15:11:27","modified_gmt":"2026-03-23T14:11:27","slug":"projekthistorie","status":"publish","type":"page","link":"https:\/\/www.jungclaussen.com\/?page_id=42","title":{"rendered":"Projekthistorie"},"content":{"rendered":"<p>&nbsp;<\/p>\n<p><a href=\"https:\/\/www.flyingspoon.de\/de\"><strong>Flying Spoon GmbH &#8211; Innovative Digital Solutions<\/strong><\/a><strong>, Potsdam; seit 2021<br \/>\n<\/strong>Senior Developer<br \/>\n<em>Flying Spoon bietet innovative, skalierbare digitale L\u00f6sungen. H\u00f6chste Leistung zu niedrigen Kosten. Darauf vertrauen unsere zahlreichen namhaften Kunden.<\/em><\/p>\n<p><strong>Team Fusion Simulations, seit 2014<\/strong><br \/>\nLead Developer <em>(Weiter)Entwicklung der Flugsimulation \/ des Spiels <a href=\"https:\/\/store.steampowered.com\/app\/63950\/IL2_Sturmovik_Cliffs_of_Dover\" target=\"_blank\" rel=\"noopener\">Cliffs of Dover<\/a><\/em><br \/>\nTechnologie: cpp, c#<\/p>\n<p><strong>Wildau, 2010-2019<\/strong><br \/>\n<em>Bachelor Wirtschaftsinformatik.<\/em> Lehrauftrag \u201cGrundlagen der Informations\u2013 und Kommunikationstechnologie\u201d, Vorlesung und \u00dcbungen. Jeweils einen Tag\/Woche im Wintersemester.<br \/>\nTechnologie: Alle<\/p>\n<p><strong>Trier, 2016<\/strong><br \/>\nMedizinische Versorgung. Entwicklung einer Managementkonsole als iPhone\u2011App.<br \/>\nTechnologie: iOS, Cordova, Linux, Windows, Apache, MySQL, PHP, SQL, HTML, CSS, JavaScript<\/p>\n<p><strong>Berlin, 2015\/16<\/strong><br \/>\n<em>Einzelhandel Sicherheitstechnik und Schl\u00fcsselfunddienst<\/em>. Abbildung der Gesch\u00e4ftsprozesse von Angebot bis Gutschrift und Verwaltung des Schl\u00fcsselfunddienstes. Analyse, Konzeption, Programmierung, Einf\u00fchrung und Betreuung.<br \/>\nTechnologie: Linux, Windows, Apache, MySQL, PHP, SQL, HTML, CSS, JavaScript, C, C\u2060++<\/p>\n<p><strong>Berlin, 2015<\/strong><br \/>\n<em>Antiquariat \/ Vinyl<\/em>. Bestandsverwaltung f\u00fcr Schallplatten mit Anbindung an Webshop und Amazon. Analyse, Konzeption, Programmierung, Einf\u00fchrung und Betreuung.<br \/>\nTechnologie: Linux, Windows, Apache, MySQL, PHP, SQL, HTML, CSS, JavaScript, C, C\u2060++<\/p>\n<p><strong>Berlin, 2015: <a href=\"http:\/\/ima.jungclaussen.com\" target=\"_blank\" rel=\"noopener\">ISPmail Admin<\/a><\/strong><br \/>\nKonzeption und Programmierung einer Administration f\u00fcr Mailserver, die mit der ISPmail\u2013Anleitung von <a href=\"https:\/\/workaround.org\/ispmail\">workaround.org<\/a> erstellt wurden.<br \/>\nTechnologie: Linux, Apache, MySQL, PHP, SQL, HTML, CSS, JavaScript<\/p>\n<p><strong>Elternzeit, Berlin, 2013\/14<\/strong><br \/>\n<em>Henri.<\/em> Neuentwicklung eines Sohnes in Teamarbeit: Einf\u00fchrung, Betreuung und Weiterentwicklung.<br \/>\nTechnologie: Biologie, Psychologie, Medizin, Windeln, Flaschen, Spielzeug, B\u00fccher<\/p>\n<p><strong>D\u00fcsseldorf, 2013<\/strong><br \/>\n<em>Im Auftrag eines gro\u00dfen Mobilfunkanbieters.<\/em> Prototypische Apps und Server zur Erleichterung der Benutzermigration von einem Mobilsystem zu einem anderen durch automatisierte \u00c4quivalenzfindung f\u00fcr installierte Apps. Analyse, Konzeption und Programmierung.<br \/>\nTechnologie: Linux, Apache, MySQL, iOS, Android, Blackberry, WindowsPhone, PHP, SQL<\/p>\n<p><strong>D\u00fcsseldorf, 2012<\/strong><br \/>\n<em>Im Auftrag eines gro\u00dfen Mobilfunkanbieters.<\/em> Prototypischer Newsaggregator auf HTML5-Basis f\u00fcr Android Tablets. Analyse, Konzeption und Programmierung.<br \/>\nTechnologie: Android, Linux, Apache, MySQL, PHP, SQL, HTML, CSS, JavaScript<\/p>\n<p><strong>Wildau, WS 2012\/13<\/strong><br \/>\n<em>Bachelor Wirtschaftsinformatik.<\/em> Lehrauftrag \u201cDatenbanken 2\u201d, Vorlesung und \u00dcbungen. Datenschutz, Datensicherheit, PL\/SQL<br \/>\nTechnologie: Oracle, PL\/SQL, SQL<\/p>\n<p><strong>L\u00fcneburg, 2010 \u2011 2012<\/strong><br \/>\n<em>Personalentwicklung im Finanzsektor.<\/em> Analyse, Konzeption und Programmierung eines \u201eBetriebssystems\u201c f\u00fcr eine Suite von Anwendungen der Personalentwicklung, sowie Konzeption und Umsetzung dieser Anwendungen: Weiterbildungsbedarfsanalyse (2.0, s.u.), Vertriebscontrolling sowie Testk\u00e4ufe. Einf\u00fchrung und Betreuung.<br \/>\nTechnologie: VmWare, Linux, Apache, MySQL, C, PHP, SQL, HTML, CSS, JavaScript<\/p>\n<p><strong>Berlin, 2011: <a href=\"http:\/\/yadeli.nuvturais.de\" target=\"_blank\" rel=\"noopener\">YaDeLi<\/a><\/strong><br \/>\n<em>Gaming<\/em>. Konzeption und Programmierung von YaDeLi (\u201eYet another Device Link\u201c), welches USB Gamecontroller \u00fcber die DeviceLink\u2011Schnittstelle mit Funktionen in der Flugsimulation\/Spiel IL\u20112 sturmovik verbindet.<br \/>\nTechnologie: Windows, IL\u20112, C++, Ethernet, UDP<\/p>\n<p><strong>L\u00fcneburg, 2003 \u2011 2009<\/strong><br \/>\n<em>Anbieter von Webkonferenzen.<\/em> Entwicklung einer server-basierten Software zur moderierten Vorf\u00fchrung von Powerpoint-Pr\u00e4sentationen \u00fcber das Internet. Die Pr\u00e4sentation wird von einem Moderator zentral gesteuert. Die Teilnehmer verfolgen die Pr\u00e4sentation von einem beliebigen Ort aus in ihrem Browser. Die Technik basiert auf reinem HTML, um Funktionseinschr\u00e4nkungen und Sicherheitsl\u00fccken zu vermeiden. Konzeption, Projekt\u2011 und Teamleitung, Programmierung, Betrieb.<br \/>\nTechnologie: Linux, Apache, MySQL, Powerpoint, PHP, SQL, HTML, CSS, JavaScript, Windows API, VBA, C, C++, Flash<\/p>\n<p><strong>L\u00fcneburg, 2006<\/strong><br \/>\n<em>Personalentwicklung im Finanzsektor.<\/em> Entwicklung eines Abstimmungsger\u00e4tes zur Bewertung von Filmen im Foyer von Kinos. Konzeption, Programmierung, Einf\u00fchrung und Betreuung als Opera-Kiosk mit virtualisiertem Webserver (offen f\u00fcr sp\u00e4tere Vernetzung der Filialen).<br \/>\nTechnologie: Windows, VmWare, Linux, Apache, MySQL, C, C++, PHP, SQL, HTML, CSS, JavaScript, Windows API<\/p>\n<p><strong>L\u00fcneburg, 2005\u20112009<\/strong><br \/>\n<em>Personalentwicklung im Finanzsektor.<\/em> Umstellung einer auf Papier durchgef\u00fchrten Weiterbildungsbedarfsanalyse auf eine serverbasierte, mandantenf\u00e4hige und auch autonom beim Endkunden laufende Server\/Client L\u00f6sung (v1.0). Analyse, Konzeption, Programmierung, Einf\u00fchrung und Betreuung der Endkunden.<br \/>\nTechnologie: VmWare, Linux, Apache, MySQL, PHP, SQL, HTML, CSS, JavaScript<\/p>\n<p><strong>L\u00fcneburg, 2005<\/strong><br \/>\n<em>Personalentwicklung im Finanzsektor.<\/em> Entwicklung einer serverbasierten L\u00f6sung f\u00fcr das getrennte Controlling eingef\u00fchrter Vertriebsstandards bei Mitarbeitern und F\u00fchrungskr\u00e4ften. Analyse, Konzeption, Programmierung, Einf\u00fchrung und Betreuung.<br \/>\nTechnologie: VmWare, Linux, Apache, MySQL, PHP, SQL, HTML, CSS, JavaScript<\/p>\n<p><strong>L\u00fcneburg, 2004<\/strong><br \/>\n<em>Personalentwicklung im Finanzsektor.<\/em> Umstellung einer bislang auf Papier durchgef\u00fchrten Vertriebsstudie in Banken auf eine webbasierte L\u00f6sung. Analyse, Konzeption, Programmierung, Einf\u00fchrung und Betreuung der Endkunden<br \/>\nTechnologie: Linux, Apache, MySQL, PHP, SQL, HTML, CSS, JavaScript<\/p>\n<p><strong>L\u00fcneburg, 2002\u20112003<\/strong><br \/>\n<em>Dienstleister f\u00fcr Kundenbindung im Finanzsektor.<\/em> Konzeption und Programmierung eines f\u00fcr den Finanzssektor spezialisierten CMS.<br \/>\nTechnologie: Linux, Apache, MySQL, PHP, SQL, Java, HTML, CSS, JavaScript<\/p>\n<p><strong>L\u00fcneburg, 2002<\/strong><br \/>\n<em>Dienstleister f\u00fcr Kundenbindung im Finanzsektor.<\/em> Konzeption und Programmierung eines Werkzeuges zur automatischen Dokumentation von PHP\u2011Klassen mit JavaDoc.<br \/>\nTechnologie: PHP, Java, JavaDoc<\/p>\n<p><strong>L\u00fcneburg, 2002<\/strong><br \/>\n<em>Personalentwicklung Finanzsektor.<\/em> Konzeption und Programmierung einer mobilen Umfrageerfassung auf PalmOS.<br \/>\nTechnologie: PalmOS, SatelliteForms<\/p>\n<p><strong>Paris, 2001<\/strong><br \/>\n<em>Consultants f\u00fcr mobile L\u00f6sungen.<\/em> Konzeption und Programmierung einer Knowledgedatenbank f\u00fcr mobile L\u00f6sungen.<br \/>\nTechnologie: Windows API, C++, MySQL<\/p>\n<p><strong>Berlin, 2000: Bibliole<\/strong><br \/>\nKonzeption und Programmierung einer Literaturverwaltung w\u00e4hrend meiner Magisterarbeit, weil es keine mit Anbindung an StarOffice 5.2 gab.<br \/>\nTechnologie: Windows API, C++, dBASE<\/p>\n<p><strong>Berlin, 1999: <a href=\"http:\/\/www.palm2eudora.de\" target=\"_blank\" rel=\"noopener\">Palm2Eudora<\/a><\/strong><br \/>\nKonzeption und Programmierung einer Synchronisation der Adressen zwischen Palm Desktop und Eudora.<br \/>\nTechnologie: Windows API, C++<\/p>\n<p><strong>L\u00fcneburg, 1997 \u2011 1998<\/strong><br \/>\n<em>Businessportal.<\/em> Konzeption und Programmierung eines Compilers f\u00fcr eine selbstdefinierte Makrosprache, mit der dynamisch HTML-Seiten erzeugt werden sollten. Wurde mit dem Erscheinen von PHP 3 obsolet und eingestellt.<br \/>\nTechnologie: Windows API, C++<\/p>\n<p><strong>Paris, 1996-2001<\/strong><br \/>\n<em>Mobile Data.<\/em> Promotion, Moderation, Tradeshow\u2011Management (CeBIT, Systems, Lotusphere, Filmfestival in Cannes, u.a.).<\/p>\n<p><strong>Berlin, 1995<\/strong><br \/>\n<em>Messeveranstalter.<\/em> Analyse, Konzeption und Programmierung einer Verwaltung f\u00fcr Messefl\u00e4chen, St\u00e4nde, Kunden und Abrechnung.<br \/>\nTechnologie: MS-DOS, C, dBASE<\/p>\n<p><strong>Berlin, 1994 &#8211; 1996 und bis heute<\/strong><br \/>\n<em>Einzelhandel.<\/em> Analyse der zu ersetzenden Branchensoftware, Analyse der bestehenden Gesch\u00e4ftsprozesse, Gespr\u00e4che mit allen Mitarbeitern. Unter Ber\u00fccksichtigung der Investitionsf\u00e4higkeit des Auftraggebers Konzeption und Programmierung einer Multiarbeitsplatzl\u00f6sung auf der Basis von dBASE(!): Kasse, Reparaturannahme, B\u00fcro, Goldschmiede. Warenwirtschaft und CRM. Wurde 2014 mit \u201eDOSBox SVN Daum\u201c auf aktueller Hardware virtualisiert.<br \/>\nTechnologie: Ethernet, Novell DOS, C, dBASE<\/p>\n<p><strong>Berlin, 1994<\/strong><br \/>\n<em>Monatsschrift.<\/em> Analyse, Konzeption und Programmierung der Abonnentenverwaltung.<br \/>\nTechnologie: MS-DOS, Clipper<\/p>\n<p><strong>Berlin, 1994<\/strong><br \/>\n<em>Einzehandel.<\/em> Analyse der zu ersetzenden Branchensoftware. Analyse der bestehenden Gesch\u00e4ftsprozesse. Konzeption und Programmierung einer Warenwirtschaft mit CRM.<br \/>\nTechnologie: MS-DOS, C, dBASE<\/p>\n<p><strong>Berlin, 1993<\/strong><br \/>\n<em>Immobilienmakler.<\/em> Analyse, Konzeption, Programmierung und Einf\u00fchrung einer Verwaltung f\u00fcr Immobilenangebote.<br \/>\nTechnologie: MS-DOS, C, dBASE<\/p>\n<p><strong>Berlin, 1993-1994<\/strong><br \/>\n<em>Car Sharing.<\/em> Analyse, Konzeption und Programmierung einer Verwaltung f\u00fcr Kunden, Fahrzeuge, Tarife und Abrechnung.<br \/>\nTechnologie: MS-DOS, C, dBASE<\/p>\n<p><strong>Berlin, 1992 \u2011 1999<\/strong><br \/>\n<em>Fortbildung.<\/em> Massenversendungen (120.000+) von Einladungen f\u00fcr eigene Veranstaltungen und Kongresse.<br \/>\n(1) Umstellung von Karteikarten auf EDV. Analyse, Konzeption, Programmierung, Einf\u00fchrung und Betreuung einer Kontakt\u2011, Versendungs\u2011 und Kundenverwaltung. L\u00f6sung des Doublettenproblems (Schreibfehler und unterschiedliche Schreibweisen) sowie des Problems st\u00e4ndiger Umbenennungen von Institutionen im Kundenkreis.<br \/>\nTechnologie: FoxPro (MS-DOS, dBASE)<br \/>\n(2) Entwicklung einer Buchhaltung f\u00fcr Nicht\u2011Buchhalter. Analyse der strukturellen Fehlerquellen, Konzeption, Programmierung, Einf\u00fchrung und Betreuung einer fehlertoleranten und fehlerkorrigierenden Buchhaltung mit doppelter B\u00fcchf\u00fchrung auf Datev Kontenrahmen.<br \/>\nTechnologie: MS-DOS, C, dBASE<\/p>\n","protected":false},"excerpt":{"rendered":"<p>&nbsp; Flying Spoon GmbH &#8211; Innovative Digital Solutions, Potsdam; seit 2021 Senior Developer Flying Spoon bietet innovative, skalierbare digitale L\u00f6sungen. H\u00f6chste Leistung zu niedrigen Kosten. Darauf vertrauen unsere zahlreichen namhaften Kunden. Team Fusion Simulations, seit 2014 Lead Developer (Weiter)Entwicklung der Flugsimulation \/ des Spiels Cliffs of Dover Technologie: cpp, c# Wildau, 2010-2019 Bachelor Wirtschaftsinformatik. Lehrauftrag [&hellip;]<\/p>\n","protected":false},"author":1,"featured_media":0,"parent":0,"menu_order":2,"comment_status":"closed","ping_status":"closed","template":"","meta":{"footnotes":""},"class_list":["post-42","page","type-page","status-publish","hentry"],"_links":{"self":[{"href":"https:\/\/www.jungclaussen.com\/index.php?rest_route=\/wp\/v2\/pages\/42","targetHints":{"allow":["GET"]}}],"collection":[{"href":"https:\/\/www.jungclaussen.com\/index.php?rest_route=\/wp\/v2\/pages"}],"about":[{"href":"https:\/\/www.jungclaussen.com\/index.php?rest_route=\/wp\/v2\/types\/page"}],"author":[{"embeddable":true,"href":"https:\/\/www.jungclaussen.com\/index.php?rest_route=\/wp\/v2\/users\/1"}],"replies":[{"embeddable":true,"href":"https:\/\/www.jungclaussen.com\/index.php?rest_route=%2Fwp%2Fv2%2Fcomments&post=42"}],"version-history":[{"count":19,"href":"https:\/\/www.jungclaussen.com\/index.php?rest_route=\/wp\/v2\/pages\/42\/revisions"}],"predecessor-version":[{"id":100,"href":"https:\/\/www.jungclaussen.com\/index.php?rest_route=\/wp\/v2\/pages\/42\/revisions\/100"}],"wp:attachment":[{"href":"https:\/\/www.jungclaussen.com\/index.php?rest_route=%2Fwp%2Fv2%2Fmedia&parent=42"}],"curies":[{"name":"wp","href":"https:\/\/api.w.org\/{rel}","templated":true}]}}